{"id":8,"date":"2021-09-19T15:14:19","date_gmt":"2021-09-19T13:14:19","guid":{"rendered":"http:\/\/relaisdelaforet41.com\/?page_id=8"},"modified":"2026-02-19T15:34:46","modified_gmt":"2026-02-19T14:34:46","slug":"contact","status":"publish","type":"page","link":"https:\/\/relaisdelaforet41.com\/index.php\/contact\/","title":{"rendered":"R\u00e9servations"},"content":{"rendered":"\n<p>Tarifs 2026 \/ 2027, forfaits WE et nuit\u00e9es (m\u00e9nage compris)<\/p>\n\n\n\n<p>1 nuit\u00e9e : 2 160 \u20ac (2050 \u20ac en mars et octobre, 1940 \u20ac de novembre \u00e0 fevrier)<br>2 nuit\u00e9es : 2 400 \u20ac (2280 \u20ac en mars et octobre, 2160 \u20ac de  novembre \u00e0 fevrier)<br>3 nuit\u00e9es : 3 150 \u20ac * (2990 \u20ac en mars et octobre, 2830 \u20ac de novembre \u00e0 fevrier)                                                                                                                                            <\/p>\n\n\n\n<p>nuit\u00e9e supp : + 500 \u20ac,                                                                                                                                                                                                               *+ 15 % en cas de pont jour feri\u00e9 <\/p>\n\n\n\n<p>Possibilit\u00e9 de location partielle (moins de 24 personnes, nous consulter) <\/p>\n\n\n\n<p>                                                                                        <\/p>\n\n\n\n<p>                                                                                                                                                                                                                                                                       <\/p>\n\n\n\n<p><\/p>\n\n\n\n<figure class=\"wp-block-image size-full\"><img loading=\"lazy\" decoding=\"async\" width=\"1024\" height=\"768\" src=\"http:\/\/relaisdelaforet41.com\/wp-content\/uploads\/2021\/09\/gite-relais-foret1_gd-1.jpg\" alt=\"\" class=\"wp-image-104\" srcset=\"https:\/\/relaisdelaforet41.com\/wp-content\/uploads\/2021\/09\/gite-relais-foret1_gd-1.jpg 1024w, https:\/\/relaisdelaforet41.com\/wp-content\/uploads\/2021\/09\/gite-relais-foret1_gd-1-300x225.jpg 300w, https:\/\/relaisdelaforet41.com\/wp-content\/uploads\/2021\/09\/gite-relais-foret1_gd-1-768x576.jpg 768w\" sizes=\"(max-width: 767px) 89vw, (max-width: 1000px) 54vw, (max-width: 1071px) 543px, 580px\" \/><\/figure>\n","protected":false},"excerpt":{"rendered":"<p>Tarifs 2026 \/ 2027, forfaits WE et nuit\u00e9es (m\u00e9nage compris) 1 nuit\u00e9e : 2 160 \u20ac (2050 \u20ac en mars et octobre, 1940 \u20ac de novembre \u00e0 fevrier)2 nuit\u00e9es : 2 400 \u20ac (2280 \u20ac en mars et octobre, 2160 \u20ac de novembre \u00e0 fevrier)3 nuit\u00e9es : 3 150 \u20ac * (2990 \u20ac en mars &hellip; <\/p>\n<p class=\"link-more\"><a href=\"https:\/\/relaisdelaforet41.com\/index.php\/contact\/\" class=\"more-link\">Continue reading<span class=\"screen-reader-text\"> &#8220;R\u00e9servations&#8221;<\/span><\/a><\/p>\n","protected":false},"author":1,"featured_media":34,"parent":0,"menu_order":0,"comment_status":"closed","ping_status":"closed","template":"","meta":{"footnotes":""},"_links":{"self":[{"href":"https:\/\/relaisdelaforet41.com\/index.php\/wp-json\/wp\/v2\/pages\/8"}],"collection":[{"href":"https:\/\/relaisdelaforet41.com\/index.php\/wp-json\/wp\/v2\/pages"}],"about":[{"href":"https:\/\/relaisdelaforet41.com\/index.php\/wp-json\/wp\/v2\/types\/page"}],"author":[{"embeddable":true,"href":"https:\/\/relaisdelaforet41.com\/index.php\/wp-json\/wp\/v2\/users\/1"}],"replies":[{"embeddable":true,"href":"https:\/\/relaisdelaforet41.com\/index.php\/wp-json\/wp\/v2\/comments?post=8"}],"version-history":[{"count":51,"href":"https:\/\/relaisdelaforet41.com\/index.php\/wp-json\/wp\/v2\/pages\/8\/revisions"}],"predecessor-version":[{"id":1052,"href":"https:\/\/relaisdelaforet41.com\/index.php\/wp-json\/wp\/v2\/pages\/8\/revisions\/1052"}],"wp:featuredmedia":[{"embeddable":true,"href":"https:\/\/relaisdelaforet41.com\/index.php\/wp-json\/wp\/v2\/media\/34"}],"wp:attachment":[{"href":"https:\/\/relaisdelaforet41.com\/index.php\/wp-json\/wp\/v2\/media?parent=8"}],"curies":[{"name":"wp","href":"https:\/\/api.w.org\/{rel}","templated":true}]}}